920840.
2, 5, 523021
What are the prime factors of 11674864?
2, 729679
What are the prime factors of 37196260?
2, 5, 1859813
What are the prime factors of 30448709?
397, 76697
What are the prime factors of 48242442?
2, 3, 8040407
What are the prime factors of 70601714?
2, 17, 139, 14939
List the prime factors of 66431922.
2, 3, 127, 87181
What are the prime factors of 4069723?
7, 281, 2069
What are the prime factors of 109276345?
5, 2393, 9133
List the prime factors of 130281644.
2, 571, 57041
What are the prime factors of 83495053?
619, 134887
What are the prime factors of 47516441?
7, 6788063
What are the prime factors of 19135602?
2, 3, 41, 43, 67
List the prime factors of 4710319848.
2, 3, 13, 929, 5417
List the prime factors of 7703984021.
23, 1559, 214853
What are the prime factors of 592058683?
592058683
List the prime factors of 132444523.
132444523
What are the prime factors of 6183017409?
3, 3371, 611393
What are the prime factors of 7589613391?
43, 176502637
List the prime factors of 1391643270.
2, 3, 5, 15462703
What are the prime factors of 713099445?
3, 5, 1913, 24851
What are the prime factors of 53095531?
89, 596579
List the prime factors of 509714698.
2, 1039, 245291
List the prime factors of 3127744660.
2, 5, 17, 19, 484171
What are the prime factors of 42790585?
5, 61, 140297
List the prime factors of 5496689.
11, 29, 17231
List the prime factors of 2878000570.
2, 5, 131, 313, 7019
List the prime factors of 514114102.
2, 17, 15121003
What are the prime factors of 2631576105?
3, 5, 863, 67763
List the prime factors of 152075250.
2, 3, 5, 67589
What are the prime factors of 3792964953?
3, 1264321651
List the prime factors of 77532423.
3, 25844141
List the prime factors of 527997523.
3557, 148439
List the prime factors of 193587101.
193587101
List the prime factors of 488711499.
3, 47, 577, 6007
List the prime factors of 5752726698.
2, 3, 613, 1564091
What are the prime factors of 620657661?
3, 13, 353, 45083
List the prime factors of 11800582.
2, 5900291
What are the prime factors of 37486698?
2, 3, 37, 131, 1289
List the prime factors of 117443047.
19, 113, 2879
What are the prime factors of 25686025?
5, 29, 71, 499
List the prime factors of 23625796.
2, 5906449
List the prime factors of 219503897.
219503897
List the prime factors of 5967595.
5, 17, 70207
What are the prime factors of 193788672?
2, 3, 7, 11, 29, 113
List the prime factors of 3368443710.
2, 3, 5, 1973, 56909
What are the prime factors of 1568604636?
2, 3, 269, 53993
What are the prime factors of 53397162?
2, 3, 7, 13, 4657
List the prime factors of 2777835803.
2777835803
List the prime factors of 94158953.
7, 13451279
List the prime factors of 1676284804.
2, 19, 23, 958973
What are the prime factors of 33845723?
167, 389, 521
What are the prime factors of 150420442?
2, 73, 757, 1361
What are the prime factors of 290069519?
290069519
What are the prime factors of 6109856378?
2, 857, 3564677
List the prime factors of 1774373446.
2, 13241, 67003
What are the prime factors of 31139820?
2, 3, 5, 172999
What are the prime factors of 187861045?
5, 2609, 14401
What are the prime factors of 72471394?
2, 313, 115769
What are the prime factors of 95246463?
3, 13, 67, 36451
List the prime factors of 192024687.
3, 64008229
List the prime factors of 104652480.
2, 3, 5, 109013
What are the prime factors of 3653851953?
3, 29851, 40801
List the prime factors of 913929563.
37, 1597, 15467
What are the prime factors of 727081049?
727081049
List the prime factors of 6298961959.
859, 7332901
List the prime factors of 26511617.
11, 23, 104789
List the prime factors of 4127342965.
5, 421, 1960733
List the prime factors of 948484599.
3, 829, 381377
What are the prime factors of 30127832?
2, 7, 233, 2309
What are the prime factors of 167720769?
3, 43, 47, 9221
List the prime factors of 177763969.
177763969
List the prime factors of 14149939.
157, 90127
List the prime factors of 71727428.
2, 31, 113, 5119
List the prime factors of 6305786150.
2, 5, 773, 163151
What are the prime factors of 195459026?
2, 7, 13961359
What are the prime factors of 8335180?
2, 5, 7, 29, 2053
List the prime factors of 75384479.
263, 286633
What are the prime factors of 324653645?
5, 64930729
What are the prime factors of 615319239?
3, 113, 1815101
What are the prime factors of 160762455?
3, 5, 7, 17, 10007
List the prime factors of 966052947.
3, 41, 7854089
List the prime factors of 367483370.
2, 5, 19, 281, 6883
List the prime factors of 1468694727.
3, 54396101
What are the prime factors of 42640860?
2, 3, 5, 569, 1249
List the prime factors of 115459300.
2, 5, 11, 43, 2441
What are the prime factors of 121182073?
121182073
List the prime factors of 1252679330.
2, 5, 7, 17895419
List the prime factors of 3684430798.
2, 16519, 111521
What are the prime factors of 1374952502?
2, 7, 11, 8928263
What are the prime factors of 6545708082?
2, 3, 73, 4981513
What are the prime factors of 119881520?
2, 5, 11, 23, 5923
What are the prime factors of 3666083264?
2, 3853, 14867
What are the prime factors of 1602730755?
3, 5, 35616239
List the prime factors of 200338842.
2, 3, 11, 3035437
List the prime factors of 102763596.
2, 3, 13, 443, 1487
What are the prime factors of 926567730?
2, 3, 5, 11, 53, 17659
What are the prime factors of 55244138?
2, 41, 397, 1697
List the prime factors of 232912091.
61, 3818231
What are the prime factors of 126203069?
167, 755707
What are the prime factors of 304942899?
3, 101647633
What are the prime factors of 954498734?
2, 7, 103, 94561
List the prime factors of 86814269.
571, 152039
List the prime factors of 4978264955.
5, 17, 19, 3082517
List the prime factors of 2418854375.
5, 7, 19, 4157
What are the prime factors of 34425508?
2, 13, 662029
List the prime factors of 198108849.
3, 6971, 9473
What are the prime factors of 2655752690?
2, 5, 265575269
List the prime factors of 350154538.
2, 251, 697519
List the prime factors of 37192520.
2, 5, 929813
List the prime factors of 72719705.
5, 571, 25471
List the prime factors of 18236605.
5, 59, 61819
List the prime factors of 2412376350.
2, 3, 5, 16082509
What are the prime factors of 885797958?
2, 3, 61, 2420213
List the prime factors of 29021154.
2, 3, 4836859
What are the prime factors of 50386479?
3, 11, 13, 67, 1753
What are the prime factors of 128678935?
5, 7, 11, 334231
What are the prime factors of 547892092?
2, 11, 12452093
What are the prime factors of 1578558082?
2, 191, 4132351
What are the prime factors of 668810174?
2, 16763, 19949
What are the prime factors of 73252015?
5, 14650403
List the prime factors of 170917538.
2, 11, 7768979
List the prime factors of 54977947.
54977947
List the prime factors of 674795231.
11, 61345021
List the prime factors of 17599121.
17599121
What are the prime factors of 1490216468?
2, 13, 28658009
What are the prime factors of 1486795471?
7, 212399353
What are the prime factors of 6904828?
2, 7, 19, 12979
List the prime factors of 19395275.
5, 775811
What are the prime factors of 2885325499?
7, 43, 9585799
What are the prime factors of 21011107?
13, 113, 14303
What are the prime factors of 1022832553?
1022832553
List the prime factors of 1160547723.
3, 29, 1482181
What are the prime factors of 643031470?
2, 5, 23, 1109, 2521
List the prime factors of 2770835305.
5, 7, 29, 2729887
List the prime factors of 214880717.
107, 2008231
List the prime factors of 446561260.
2, 5, 4567, 4889
What are the prime factors of 7279766596?
2, 61, 1097, 27197
What are the prime factors of 1967629579?
1873, 1050523
List the prime factors of 863675155.
5, 7, 24676433
List the prime factors of 341271087.
3, 113757029
What are the prime factors of 26888585?
5, 1063, 5059
List the prime factors of 50348283.
3, 863, 19447
What are the prime factors of 738467666?
2, 47, 7856039
List the prime factors of 8132970110.
2, 5, 813297011
List the prime factors of 205971543.
3, 29, 89, 8867
What are the prime factors of 1505988251?
1505988251
List the prime factors of 10260980.
2, 5, 139, 3691
List the prime factors of 26429540.
2, 5, 1321477
List the prime factors of 1205816742.
2, 3, 13, 5153063
List the prime factors of 22031699.
22031699
What are the prime factors of 195622872?
2, 3, 8150953
What are the prime fact